nd k?
10
Let x(l) = -24*l**2 + 8*l - 6. Let f be x(6). Let w be (-10)/35 + f/14. Let m = -23 - w. What is the highest common divisor of m and 12?
12
Let r = -77 - -125. Calculate the greatest common divisor of r and 12.
12
Let t(f) = 2*f**2 - 3*f - 1. Let m be t(3). Suppose -3*d + 4*n + 268 = -0*d, 439 = 5*d + n. Calculate the greatest common divisor of d and m.
8
Let h(a) = -a**2 + 4*a + 4. Let p be h(4). What is the highest common factor of p and 32?
4
Suppose 0 = -5*o + w + 88, o + 2*w - 4*w - 14 = 0. What is the greatest common factor of o and 27?
9
Let y(j) = j**2 - 11*j + 12. Let g be y(10). Suppose -g*n + 78 = 3*f + n, 4*f - 92 = -n. Calculate the greatest common divisor of f and 2.
2
Let n be ((-3)/3)/((-2)/12). Let w = 15 - n. Suppose -y + 2*t = -t - 15, 3*y = -5*t + 3. What is the greatest common divisor of w and y?
3
Suppose -2*a + 8 = -a. Suppose 3*n = -n - 4. Let z be (7 + 1)/(n/(-2)). What is the greatest common divisor of a and z?
8
Let d = 165 - 114. What is the greatest common factor of d and 17?
17
Suppose 2*b + 7 = 3*b + 5*f, 4*b - f + 77 = 0. Let y be (-2)/b*3*6. Let m = 3 + 11. What is the greatest common factor of m and y?
2
Let l(n) be the second derivative of n**4/3 - n**3/6 - n**2 - 2*n. Let x be l(2). Let z be -1*(-2)/(-2) + 7. What is the highest common factor of x and z?
6
Let y = -16 + 45. Suppose -a - 4 = 9. Let b = y + a. What is the highest common divisor of b and 16?
16
Let w = 86 + -40. What is the highest common factor of w and 69?
23
Let w be (9 - 11) + (-2 - -92). Calculate the highest common factor of w and 8.
8
Let n be (-14 + 13)/((-2)/2 + 0). Calculate the greatest common factor of 17 and n.
1
Let v(o) = -o**2 + 6*o + 8. Let z be v(7). Let d(h) = h**3 - h**2 + h. Let q be d(1). Calculate the highest common divisor of z and q.
1
Let n = -44 + 64. Suppose 4*q = 0, -2*q = 5*c - q - n. Let k(y) = -y - 2. Let d be k(-6). What is the highest common factor of d and c?
4
Let j(h) = h**3 + 7*h**2 - 18*h + 22. Let g be j(-9). What is the greatest common divisor of 99 and g?
11
Suppose 0 = -m - v + 10, -3*v - 80 = -5*m + 2*v. Suppose -4*d + 0*d = 1820. Let u be (-3 - -1)/(10/d). What is the highest common divisor of u and m?
13
Let v(o) = 69*o - 3. Let u be v(2). What is the highest common factor of 15 and u?
15
Let u(f) = f**2 - 7*f + 6. Let p be u(5). Let y(w) = w**2 + 5*w + 4. Let j be y(p). Let b be -2 + j/2 + 14. Calculate the highest common factor of b and 12.
12
Let v(o) = -o**2 + 4 + 4*o + 7*o**2 - 2*o. Let k be v(3). Suppose -24 = -3*d - 0*d. Calculate the greatest common divisor of d and k.
8
Suppose -69 = 5*p + 1. Let b = 30 + p. Calculate the greatest common factor of 144 and b.
16
Let y(j) = -j**3 + 2*j**2 + 3*j + 1. Let o be y(-2). Calculate the greatest common factor of o and 121.
11
Let b(d) = -d**3 - 5*d**2 + 8*d + 20. Let a be b(-6). Let j = 8 - 0. Calculate the greatest common factor of j and a.
8
Let l(i) = -3*i - 9. Let a be l(-7). Calculate the highest common factor of a and 108.
12
Let j(k) = 12*k**2 + 3. Let y be j(5). Let b be ((-2)/(-3))/(2/y). Suppose -5*d + b = -59. Calculate the greatest common factor of d and 4.
4
Let z = 14 + -9. Suppose -3*u - 5*p + 3*p = -72, -z*u = -5*p - 120. What is the greatest common divisor of u and 6?
6
Let l = 56 - 41. Calculate the highest common divisor of 3 and l.
3
Let m(r) = -5*r**3 - 2*r**2 - r. Let t be m(-1). Suppose h = -0 + t. Calculate the greatest common factor of 2 and h.
2
Let i = -127 - -202. Calculate the greatest common divisor of i and 25.
25
Suppose 0 = v + 3*v - 2*t + 24, -3*v - 2*t = 32. Let y be 832/24 + v/(-6). What is the greatest common factor of 12 and y?
12
Let s be 1/(-2) + (-217)/(-14). Calculate the highest common divisor of 165 and s.
15
Suppose 0 = -0*l + 3*l - 99. Let b be (l/2)/(12/64). Let r(t) = t**2 + 5*t + 5. Let c be r(-6). What is the highest common factor of c and b?
11
Let a = 10 - 7. Suppose a*k = -5*g + 88, -4*g = -4*k - 59 - 37. Calculate the greatest common divisor of g and 100.
20
Let m be (-1 - 26) + 15 + -12. Let g = -8 - m. What is the greatest common divisor of g and 40?
8
Suppose 4*d + 4*i - 2*i = 86, 3*d - 84 = 5*i. Calculate the greatest common factor of d and 207.
23
Let h = 46 + -31. Let z = h - 11. Let g be 2/z + (-13)/(-2). What is the greatest common factor of g and 63?
7
Let u(b) = b**3 - 12*b**2 + 12*b - 6. Let h be u(11). Calculate the greatest common divisor of h and 1.
1
Suppose r + 0*r = 10. Suppose -m = 5*v - 104, 0 = -2*v + 4*v + 4*m - 56. Calculate the highest common factor of v and r.
10
Let j(d) = -d + 4. Let v be j(3). Let a be (8 + v/(-1))*5. Suppose 3*u + 20 = s, -4*s + 0*s = -u - 58. Calculate the highest common factor of a and s.
7
Let k be 14/6 - (-6)/9. Suppose 3*h + 21 = -k*i, -5*i + 4*h + 0 = -1. Let s be (448/(-20))/(i/15). What is the greatest common factor of 16 and s?
16
Suppose 3*b + 172 = b. Let p be b/(-6) + (-9)/27. Calculate the greatest common divisor of p and 154.
14
Suppose -r - 116 = 2*d + 33, 0 = 3*d + 5*r + 213. Let z = d + 109. Let l = 29 + -7. What is the greatest common divisor of z and l?
11
Let o be (1 - 0 - -3)/(-2). Let m be (3/o)/((-5)/90). Calculate the highest common factor of m and 9.
9
Let y = 10 - 6. Suppose 3*z + 2 = 2*z, y*v - 6 = -z. What is the greatest common divisor of v and 2?
2
Let t(w) = -2*w - 10. Let f be t(-10). What is the highest common factor of f and 10?
10
Let u(h) = h**2 + 45*h + 15. Let v(p) = 9*p + 3. Let k(g) = 2*u(g) - 11*v(g). Let t = 9 - 2. Let r be k(t). Calculate the greatest common factor of r and 8.
8
Let a(s) = -2*s - 1. Let y be a(-3). What is the greatest common factor of 10 and y?
5
Let h = -8 + 21. Calculate the highest common divisor of h and 13.
13
Suppose -5*g + 1132 = -243. Suppose -g = -5*s - 5. Calculate the highest common divisor of 6 and s.
6
Let h(c) = c**3 + 6*c**2 - 2*c + 5. Let j be h(-6). Let s be 208/12 + (-1)/3. Calculate the highest common divisor of j and s.
17
Let d(g) = 6*g**2 + 4*g - 3. Let u be d(3). Let l(n) = n**2 - 7*n + 7. Let t be l(7). Calculate the greatest common divisor of u and t.
7
Suppose -z - x + 9 = 4*x, 3*x = z - 17. Suppose 0 = 7*i - 4*i - 153. Suppose 4*h + 13 = 2*w + h, -i = -4*w + h. Calculate the highest common divisor of w and z.
14
Suppose -5*p + 43 = 2*x, 3*p + 1 = 2*x - 2. Calculate the greatest common factor of 81 and x.
9
Let f = 25 - 8. Let v(r) = 2*r**2 + 11*r - 22. Let h be v(-10). What is the greatest common factor of h and f?
17
Let u = 38 + -16. Let a = u - 11. Calculate the highest common factor of a and 44.
11
Suppose -91 = 177*i - 184*i. Let p(d) = 37*d**2 - 2*d - 1. Let l be p(2). What is the greatest common factor of l and i?
13
Let h(o) = -o**3 - 6*o**2 - 4*o + 4. Let y be h(-6). Let g be (-1 + 8)/((-5)/(-50)). Calculate the highest common divisor of g and y.
14
Let b(y) = -16*y - 1. Let q be b(-5). Let g(s) = s**2 + 2. Let k be g(6). Let w = k + q. What is the highest common divisor of 13 and w?
13
Suppose 5*o - 12 = 2*o. Let k(q) = q - 2. Let m be k(o). Let r be 2 + 24/(0 + m). Calculate the greatest common factor of r and 35.
7
Suppose -2*g - 4*g = -600. What is the highest common factor of g and 25?
25
Let g(j) = j**2 - 8*j + 7. Let f be g(9). What is the greatest common factor of f and 16?
16
Let m be ((-28)/(-8))/((-5)/(-60)). Let j be m/(-4)*10/(-5). What is the highest common divisor of 7 and j?
7
Let c = 11 + -3. Let d be (-56)/(-7) + (1 - -3). What is the highest common factor of c and d?
4
Let h be (-177)/(-1) + (-13 - -12). Suppose -4*o + 0*o = -h. What is the highest common factor of o and 4?
4
Suppose 0 = -10*x + 13*x - 69. What is the greatest common divisor of x and 207?
23
Suppose 5*w + 0*o = -o + 21, 0 = -2*w - o + 9. Suppose 2*q - w = q. Suppose -24 = -3*s - 0. What is the highest common divisor of q and s?
4
Let r(c) = 3*c + 1. Let x be r(0). Calculate the highest common divisor of x and 4.
1
Suppose 3*o + 7 = 19. Suppose -2 = -o*q + 82. Let c = 165 - 81. What is the greatest common divisor of q and c?
21
Let h(x) = 2*x - 3. Let s be h(3). What is the highest common factor of s and 2?
1
Suppose -4*f + 37 + 11 = 0. Let v = 20 - f. Calculate the greatest common divisor of 32 and v.
8
Let y be (24/6)/(771/255 + -3). What is the greatest com